 Let j(k) = -5*k. Let t(r) = 2*r. Let y(v) = n*j(v) + 7*t(v). Determine y(-5).
5
Suppose -5*a + 2*a + 12 = 0. Let u(c) = c**2 - 2*c - 8. Let r be u(a). Let p(l) = -l**2 - l - 5. What is p(r)?
-5
Let a(u) = 2*u + 1. Suppose -2*b + 4 = 0, 5*p + b - 8 = 2*p. Let y = -5 + p. Let z(i) = -3*i - 2. Let h(x) = y*z(x) - 5*a(x). Calculate h(3).
-2
Let f(i) be the second derivative of -5*i**3/6 + 7*i**2/2 - 6*i. Let j(o) = 6*o - 8. Let h(u) = -5*f(u) - 4*j(u). What is h(-3)?
-6
Suppose -2*f + 40 - 56 = 0. Let m(x) = -x**3 - 8*x**2 - 2*x. Calculate m(f).
16
Let i(k) = -k**2 + 4. Let c be i(0). Let g(y) = -3 + 11*y + 4*y**2 + 2*y - 10*y - y**3. Calculate g(c).
9
Let y(s) = 2*s**3 + 2 - s**3 + 3*s + 1 - 6*s**2. Let c(t) = t**3 - 11*t**2 + 9*t + 5. Let l be c(10). Let r = 0 - l. Give y(r).
-7
Let f(w) = 8*w. Let r(a) = a. Let x(s) = s**3 + 10*s**2 + 12*s + 6. Let l be x(-9). Let o(g) = l*r(g) + 3*f(g). Give o(-2).
-6
Let a(k) = k + 5. Let y = 25 - 13. Let w(i) = i**2 - i. Let q be w(0). Suppose 6*z - 3*z + y = q. Calculate a(z).
1
Let f be (1/(-2))/((-8)/144). Suppose -y - 2*y = f. Let n(o) be the first derivative of -3*o**2/2 - 4*o + 1. Determine n(y).
5
Suppose 4 = -3*u - 5*w, u - 4 = -3*u - 2*w. Let f(t) = 5*t**2 + 0 - 3*t**u - 4*t - 1. Suppose -15 = y - 6*y. What is f(y)?
5
Let j(a) be the second derivative of 7*a**4/12 + a**3/3 + a**2/2 - 19*a. Suppose -2*o + k = 4 - 0, -4*k + 11 = -3*o. Calculate j(o).
6
Let z = -5 + 7. Suppose 4 = -k + 3*k. Let q(i) = -3 - 3*i**k - z*i**2 + i**3 - i + 3*i. Calculate q(5).
7
Let b(h) = -4*h**3 - h**2 + 5*h + 2. Let z(n) = -3*n**3 - n**2 + 4*n + 1. Let o(l) = -2*b(l) + 3*z(l). What is o(1)?
-1
Let t = 0 - 4. Let a be (0/(-2 + 4))/(-1). Let f(k) = k + k - 2 + 6 + a*k. Determine f(t).
-4
Let x(n) = -n**2 - n + 7. Let q(l) = 5*l**3 - 1. Let m be q(1). Suppose 5*d - 4*a - 8 = 0, -m*a - 8 = -3*d + 6*d. Suppose -5*b + d*b = 0. Calculate x(b).
7
Let n(w) = -3*w + 2. Let l(d) = d + 1. Let z be l(0). Let q(i) = -i**2 - 15*i + 18. Let k be q(-16). Suppose -s - z = k. Calculate n(s).
11
Let o(l) = 6*l - 3. Let u(r) = 17*r - 9. Let c(i) = 11*o(i) - 4*u(i). Let g(m) = -m**2 + 7*m - 5. Let w be g(5). What is c(w)?
-7
Let o(u) = 3*u - 1. Suppose -8*d + 4*d = -72. Let z be 8/(-36) - (-40)/d. Calculate o(z).
5
Let c = 11 + -8. Suppose -4*j + c*j = 2*m, 4*j = -3*m. Let i(n) = -n**3 - n**2 + n - 1. Calculate i(m).
-1
Let q(h) = -3*h + 0*h - h**2 + 2*h**2 + 0*h - 3. Determine q(3).
-3
Let u(m) = 2*m - 3. Let r be u(3). Let j(t) = 3*t - 2*t - 3*t - r. Suppose -2*n - 5*i = -5, 0 = i - 3. Give j(n).
7
Let t(l) = -l**2 - 5*l - 2. Let g(v) = -v. Let d(z) = 5*g(z) - t(z). What is d(-3)?
11
Let x(d) = 3*d**2 - 2*d + 1. Suppose -p - 8 = -2*h, 3*h - 2*p = 3*p + 26. Determine x(h).
9
Let z(p) = p**2 + p + 2. Let w(l) = 4*l**2 + 7*l + 11. Let g(m) = -w(m) + 6*z(m). Suppose -q + 3*o + 12 = -4*q, 4*o + 8 = 0. What is g(q)?
11
Suppose -3*l + 3 + 3 = 0. Let b(q) = -l*q - 2*q - 6 + q. Determine b(-4).
6
Let z(b) = 4*b + 3*b - 4*b. Give z(2).
6
Let l(h) = -2*h + 6 + 11*h + 9*h**2 - 594*h**3 + 595*h**3 - 2. Give l(-8).
-4
Let k(x) = 17*x + 12 + 15*x - 31*x. Give k(-5).
7
Let j(v) = 2*v**2 - 2 + 3 - v**3 - 6*v + 4*v**2. Let a(m) = -m**3 - 2*m**2. Let q be a(-2). Suppose -4*r + 2*x + 8 + 8 = 0, r + x - 7 = q. Calculate j(r).
-4
Let v = 7 + -3. Suppose v*a + 1 = 13. Let q(i) = -8 + a + i + 2. Give q(4).
1
Let n = -2 + 2. Let q(m) = 6*m - 1 + m - 1 - 8*m. What is q(n)?
-2
Suppose -2*d + 4*v - 1 + 3 = 0, -15 = -5*d + 5*v. Suppose -2*t = d*r - r - 16, 0 = -3*t - 5*r + 21. Let j(p) = p - p**t + 6 + 3*p - p. Calculate j(5).
-4
Let g(u) = -2 + u**3 - 41*u + 4 + 38*u + 2*u**2. Let m(i) = -i**2 - 5*i + 3. Let y be m(-6). Calculate g(y).
2
Let y(g) be the first derivative of g**4/4 - 5*g**3/3 + g**2 + 2. Suppose -x + 8 = -5*x. Let h be (-1 - -9)*(-1)/x. Calculate y(h).
-8
Suppose 0 = 48*p - 47*p - 5. Let m(f) = -f**3 + 6*f**2 - 4*f - 1. What is m(p)?
4
Let m(w) = -6*w - 1. Let h(s) = s**3 - 5*s**2 - s - 4. Let o be h(5). Let f = o + 8. Give m(f).
5
Let a be -2 + -2 + 2/1. Suppose -10 = -6*w + w. Let f(n) = -1 + 0 - 6*n - w*n + 5*n. What is f(a)?
5
Suppose -8 = 2*d + 2. Let x(i) = -i - 10. Determine x(d).
-5
Let i(d) be the second derivative of 5*d**3/6 + d**2/2 + d. Let u = 2 - 7. Let c = u + 4. Calculate i(c).
-4
Let a be 0/(-2) - 5*-1. Let q(x) = -3*x**3 - 5*x - 2. Let l(b) = 4*b**3 - b**2 + 5*b + 2. Let p = 10 - 6. Let i(m) = p*l(m) + 5*q(m). Determine i(a).
-2
Let o(y) = y**2 + 5*y - 4. Let q(x) = -x**2 - 6*x + 4. Let g(i) = -5*o(i) - 4*q(i). Let v = -10 - -10. What is g(v)?
4
Suppose -4*r + 5*r = -4. Let v be 3 + r*(-4)/8. Let c(k) = -k. Calculate c(v).
-5
Let m(r) = -4*r - 3. Let f = 6 - 8. Calculate m(f).
5
Let v(n) = n**3 - 7*n**2 - 3*n + 7. Let a be (16/(-24))/((-4)/21)*2. Calculate v(a).
-14
Suppose -1 = 5*y - 6. Let u = 2 - y. Suppose -5 = -3*z + u. Let x(a) = a**3 - 2*a**2 + 2*a - 3. Give x(z).
1
Suppose 2*b + 3 = 5*b. Let m(k) = -b + k - 2*k + 0*k + 5*k. Let p(f) = 2*f + 3. Let q be p(-2). Determine m(q).
-5
Suppose 3*h - h = 0. Let y(k) be the first derivative of h*k**2 + 3/4*k**4 + k + 0*k**3 - 2. Determine y(1).
4
Suppose 2*c - 4*q + 12 = 0, -4*q = c + c - 20. Suppose -p = -0*p - c. Let n(m) = -m**2 - m + 1. What is n(p)?
-5
Suppose -m = 2*z + 9, -m + 3*z - 6 = 4*z. Suppose 4*a + 4*r = 12, -a + 0*a - 2*r = 0. Let i(y) = 1 + 2 - 2*y + 2 - a. Give i(m).
5
Let f be 4 + -2 - (0 + 2). Let v(y) = 3*y + 6. Let j(o) = 2*o + 6. Let k(s) = 4*j(s) - 3*v(s). Give k(f).
6
Let s(a) = -7*a - 6. Let h(d) = -13*d - 11. Let g(v) = 6*h(v) - 11*s(v). What is g(5)?
-5
Let z(r) = -r**3 - 5*r**2 + 2. Let p(l) = -2*l**3 - 5*l**2 + 3. Let a(t) = -2*p(t) + 3*z(t). Calculate a(4).
-16
Let k(o) = -o**3 + 3*o**2 - 3*o + 3. Let w = 9 + -4. Suppose 5*q = q + w*u + 31, -27 = -3*q + 5*u. Suppose -3*y + y = -q. Give k(y).
1
Suppose -3*w = 0, s + 5*w - 2 = 4. Let o(q) = -30*q - 21*q + 54*q - 7. What is o(s)?
11
Let o(z) be the second derivative of z**3/6 - z**2/2 - 7*z. Give o(2).
1
Let y(w) be the second derivative of -2*w - w**3 + 1/12*w**4 + 0 - 1/2*w**2. What is y(5)?
-6
Let h(y) = 20 + 0*y - 2*y - 13. Calculate h(6).
-5
Let j(p) = p + 7. Suppose -2*i + 4 = 4*d, -3*i + 5*d = -7 + 1. Let v = -8 + i. Give j(v).
1
Suppose 0 = 3*z + 4*u, -3*u - 7 = -z - 2*u. Suppose 3*f = z*i + 26, -3*i + 6*i = f - 22. Let w(x) = -x - 2. What is w(i)?
6
Let o(s) be the first derivative of s**4/2 + s**3 + s**2/2 + s - 7. Calculate o(-2).
-5
Let v(k) be the first derivative of -1/6*k**3 + 1/60*k**5 + 0*k + 1/12*k**4 - 3/2*k**2 + 2. Let p(r) be the second derivative of v(r). What is p(1)?
2
Let b(n) = n**3 + 6*n**2 + 6*n. Let h(j) = 2*j**2 - 25*j + 7. Let g be h(12). What is b(g)?
-5
Let s(b) be the first derivative of 1/4*b**4 + 2*b**2 + 1 + 0*b + 2*b**3. Suppose 5 = -3*p + 2*p. What is s(p)?
5
Let m be (-8)/32*4 + 3 + 0. Let z(t) = t**2 - 2*t - 1. Give z(m).
-1
Let r(f) = -f**3 + f**2 + 1. Let y(m) be the second derivative of -3*m**5/10 - m**3 + m**2 - 3*m. Let t(g) = 5*r(g) - y(g). What is t(-4)?
-5
Let l = -101 - -108. Let m(d) = -d**3 + 7*d**2 - 2*d + 1. Calculate m(l).
-13
Let w(s) = -s**2 - 6*s + 3. Let v(l) = l**2. Let p(a) = 2*v(a) + w(a). Calculate p(6).
3
Suppose -3*f - 12 + 42 = 0. Let t = f - 4. Let h(r) = r**2 - 5*r - 5. Calculate h(t).
1
Let g(i) = 3*i - 3. Let w be -5 + 5 - 2/(-1). What is g(w)?
3
Let v = 9 - 5. Let z be ((-1)/1)/(5/(-25)). Suppose -z = -v*n + 11. Let w(y) = y**3 - 3*y**2 - 3*y - 2. What is w(n)?
2
Let f(p) = 4*p - 4. Let w(o) = -8*o**3 + o**2 + o + 1. Let g be w(-1). Let c = g + -6. Calculate f(c).
8
Let w(v) = -v**3 + v**2 - v + 2. Let x be w(0). Suppose 2 = x*g - 4. Let c(r) = 3*r + 3 - g*r + 2*r - 2. Calculate c(1).
3
Let j(d) be the third derivative of 0 - 1/24*d**4 + 1/2*d**3 + 0*d + 9*d**2. Let m(r) = r**3 + 3*r**2 - 5*r - 2. Let k be m(-4). Give j(k).
1
Let f = -2 - -4. Let q(r) = -4 - 3 - r - f + 10. Calculate q(4).
-3
Let u = -13 - -13. Let c(v) = v**2 + 1. Let o(t) = 2*t**2 - t - 1. Let f = 0 - -1. Let z(d) = f*c(d) - o(d). Determine z(u).
2
Let b(j) = -7*j**2 - 2*j + 4. Let r(g) = -6*g**2 - 3*g + 4. Let d(z) = 5*b(z) - 6*r(z). What is d(-9)?
5
Let q(l) = -2*l**2 + 2*l - 4. Let h be q(2). Let y(m) = 2*m + 5. Give y(h).
-11
Let f be (15/30)/(1/2). Let d(l) = -